= -y + 1 - 26*p + 25*p + 3*p**2 + 0. Determine x(-3).
27
Let x be (1 + -3)/(-2 - 6/(-4)). Suppose 0 = 4*o + 2*a, -x*a - 20 = a. Suppose 2*w + 5*p - o = -18, -4*w + p - 32 = 0. Let y(d) = -d - 1. Calculate y(w).
7
Let n(s) = 25*s - 102*s + 442 - 451. Calculate n(-2).
145
Let r be (56/10 - 0) + (-6)/10. Suppose -5*l + 25 = -l - 5*i, -5*l + r*i + 35 = 0. Let q(j) = -j - l - j + j**2 - 7*j. Calculate q(7).
-24
Let v(r) = -5*r**2 + 26*r - 15. Let o = -1909 + 1914. What is v(o)?
-10
Let m(w) = -7*w + 0 + 4 - 2. Let c be (-15)/(-25)*15/3. Determine m(c).
-19
Suppose 2*g - 1 = 3*a, -3*g - 5 = g + a. Let n be g*(-13 + 1)*1/2. Let s(o) = -o**3 + 6*o**2 + 1. Determine s(n).
1
Let d(m) = -4*m. Suppose b - 5*g + 40 = 5*b, 0 = -3*g + 12. Suppose b*t + 17*p = 15*p - 20, 5*t - 10 = 4*p. What is d(t)?
8
Let r(b) be the third derivative of -b**5/60 + 5*b**4/24 + b**3/6 - 6*b**2. Let y(v) = -27*v - 156. Let d be y(-6). Determine r(d).
-5
Let b be (-9 + (-25)/(-2))*(-4)/(-7). Let p(m) = -b*m**2 + 3*m**2 - 2*m**2 + 2 - 4*m**3 + 3*m**3. Give p(-2).
6
Let y(g) = g**3 - g**2 + g + 20. Let t be 196*(8/(-28) + (-10)/14). Let k = -196 - t. What is y(k)?
20
Suppose -j + 16 + 9 = d, d - j - 19 = 0. Suppose -10*m + d - 2 = 0. Let p(o) = 3 + 3643*o + o**2 - 3640*o + m. Determine p(-4).
9
Suppose 5 = -3*q + 11. Suppose -2*m - 3*j = -6, 0*j - 17 = 3*m - q*j. Let c be m/2*16/12. Let y(f) = f**2 + 2*f + 3. Give y(c).
3
Let q(j) = 5*j**2 - 7*j + 3. Let l(y) be the first derivative of 2*y**3/3 - y**2/2 + y - 70. Let t(h) = -2*l(h) + q(h). What is t(4)?
-3
Let q(c) = -5*c**3 + 15*c**2 + c + 45. Let h(k) = 2*k**3 - 7*k**2 - k - 22. Let f(l) = -7*h(l) - 3*q(l). Give f(-4).
3
Let z(q) = -152*q**2 + 50*q**2 + 44 + 52*q**2 + 49*q**2 + 3*q - 4*q. Give z(-6).
14
Let p(b) = -208 + 786 - 216 - 200 - 203 + 2*b. Give p(0).
-41
Let v be 1/((-1212)/7392 - (-2)/11). Suppose 12*r = 20*r - v. Let b(j) = -2*j + 15. Calculate b(r).
1
Let g(p) be the third derivative of -69*p**2 + 4/3*p**3 + 1/60*p**5 + 0*p + 7/24*p**4 + 0. Determine g(-6).
2
Let u(f) be the third derivative of -f**6/120 + f**5/20 - f**4/12 - 2976*f**2. Determine u(2).
0
Let u(q) = -4*q - 8. Let t(x) = -x**3 - 22*x**2 - 109*x - 55. Let i be t(-15). Determine u(i).
-28
Let s be (0*2/6)/4. Suppose 5*x - x = s. Let n(r) = x*r - 7*r - 9 - 7*r + 15*r. Calculate n(8).
-1
Let v(a) = -3*a + 5 + 0*a + 4*a. Let w(i) = 88*i**2 + 7*i - 5. Let t be w(1). Let d = 84 - t. Calculate v(d).
-1
Let s be ((-36)/(-8) - 4)*140/7. Let z(n) = s*n - 14*n + 2*n. What is z(10)?
-20
Let p(v) = 4*v**2 + v - 4. Suppose 8*z + 0*z = 864. Let a = 105 - z. Determine p(a).
29
Let o(w) = 4*w**2 + 9*w + 3. Let j(f) = f**2 + 11*f + 11. Let n(g) = -5*g - 6. Let m(d) = 3*j(d) + 5*n(d). Let i(a) = 3*m(a) - 2*o(a). Calculate i(-5).
-2
Let l(k) be the first derivative of -k**5/20 + 3*k**4/4 + 3*k**3/2 + 7*k**2 + 24*k + 45. Let d(s) be the first derivative of l(s). What is d(10)?
4
Let q(l) = 15*l**2 - l - 20. Let c(d) = 2*d**2 + d - 5. Let g(a) = 6*c(a) - q(a). Calculate g(2).
-8
Let q be (1 - 6)/1 + -5. Let c be ((-8)/q)/(12/30). Suppose 3*w + f - 26 = 0, 0*f - 20 = -2*w + c*f. Let g(b) = b**2 - 9*b - 8. Determine g(w).
-8
Let a be 11 + 2 + 390/(-45) + (-2)/6. Let m(j) = 6*j - 30. Calculate m(a).
-6
Let s be (-8)/(-16)*(0 + 2). Let o(c) = -1 + 30*c - 47*c + 2 + 26*c - 2. Give o(s).
8
Suppose 1809*z - 1783*z + 182 = 0. Let a(s) = s**2 + 14*s + 41. Calculate a(z).
-8
Let s(v) be the first derivative of v**4/4 + v**2 - 2*v + 88. What is s(0)?
-2
Let k(a) = a**2 - 15*a + 56. Let h be k(11). Suppose 98 = h*v + 2*v. Let u(r) be the second derivative of r**3/6 - 2*r**2 - 2*r. Calculate u(v).
3
Let k be 6/(10/15*3). Suppose -x = k*x + 8. Let w be -1*(9 + (x - 2)). Let b(y) = y**3 + 4*y**2 - 8*y - 5. Give b(w).
10
Let i(m) = m**2 + 29*m + 210. Suppose -189*v - 352 = -167*v. Calculate i(v).
2
Let m = -580 + 579. Suppose -8 = -2*j - 2*j. Let i(h) = -4 - 2*h + 1 - 20*h**j + 3*h + 4. Calculate i(m).
-20
Let m = 340 + -346. Let v(j) = 18*j + 101. Calculate v(m).
-7
Let n = -4 + 2. Let c(z) = -2 - 176733*z + 353468*z - z**3 + 0*z**3 + 4*z**2 + 3*z**3 - 176733*z. Determine c(n).
-6
Let h(m) be the first derivative of 11*m**3/3 + 7*m**2/2 + 6*m - 153. Let l be h(-1). Let g(j) = -j**2 + 14*j - 10. Calculate g(l).
30
Let v(n) = n**3 + 7*n**2 + 8*n + 2. Let l = 314 - 182. Suppose -18 = 25*p + l. Give v(p).
-10
Let x(q) = 11*q - 2. Suppose 0 = 7*p - 2*p + 5. Let w(c) = -1. Let m(f) = p*x(f) + 2*w(f). Let a = 815 + -814. What is m(a)?
-11
Let o be ((-2)/(12/3)*0)/2. Suppose 5*i = -5*z - 30, -3*z + o*z - 2*i = 14. Let u(r) = -3*r**2 - 4*r - 3. Give u(z).
-7
Let m(l) = -2*l + 21. Let d = -410 - -410. Suppose 6*y - 319 + 265 = d. Calculate m(y).
3
Let q(z) = -z**3 - 8*z**2 + 2*z + 14. Suppose 15*m = -48*m + 70*m + 42. What is q(m)?
-70
Let r(j) = -147 + 15*j**2 + 40*j - 18*j - 18*j + 21*j - 15*j - j**3. Calculate r(15).
3
Let o be (72/(-24))/((-2)/6). Let q(x) = -o + 3*x + 26 - 16 - x**3 + 4*x**2. Calculate q(4).
13
Let x = -7 + 4. Let n = x + 6. Let s(h) = -232030436 + 232030432 + 2*h - h - h**2. Calculate s(n).
-10
Let o(n) = 17*n - 3 + 2 - n**3 - 99*n + 6*n**2 + 82*n. Calculate o(6).
-1
Let c be 37 + -31 - ((-1)/(-3) + 112/6). Let v(n) = -5*n - 53. Determine v(c).
12
Suppose -17 = 12*q + 31. Let m(o) = 4*o**3 + 5*o**2 - 9*o + 5. Let t(k) = 5*k**3 + 6*k**2 - 12*k + 6. Let x(i) = q*m(i) + 3*t(i). Calculate x(-2).
-2
Let m(u) = -28*u - 168. Let c(k) = 141*k + 6339. Let f be c(-45). Give m(f).
0
Let o = -4309 + 4313. Let k(s) = 2*s - 8. Let q(b) be the first derivative of -b**2/2 + 8*b - 1. Let t(d) = o*k(d) + 5*q(d). Calculate t(6).
26
Let b = -11500 + 11499. Let x(s) be the third derivative of -s**7/630 + s**4/12 - 2*s**2. Let c(t) be the second derivative of x(t). What is c(b)?
-4
Suppose -5*y - 209 = h - 3*y, 2*h + 378 = 4*y. Let d = h + 200. Let u(b) = b**3 + 2*b - 1. Determine u(d).
2
Let n be 10/2 + (-2 + 3)*-2. Suppose -12 - 8 = -5*z - 2*b, n*b - 5 = 5*z. Let d be z - (2 + 2 - 2). Let o(l) = l + 6. Give o(d).
6
Let u(p) = -79*p - 39. Let q(v) = -19*v - 1. Let m(s) = 4*q(s) - u(s). Determine m(-8).
11
Let k(m) be the second derivative of m**5/5 - m**4/4 - m**3/6 + m**2 + 708*m. Determine k(-1).
-4
Suppose 0 = l - 16 + 4. Let h(v) = 2*v - 21. Let d(z) = 3*z - 29. Let g(p) = 4*d(p) - 5*h(p). Calculate g(l).
13
Let k(o) = -o**2 + 10*o - 7. Let c(t) = t**2 + 2*t - 2. Let i(h) = -4*c(h) + k(h). Let z be 42/7 + -1*(2 + 2). Give i(z).
-15
Suppose 0 = g - 0*g - 3*f - 14, -12 = 3*f. Let j(r) = -93496*r + 46730*r - 7 + 46773*r. What is j(g)?
7
Suppose 30*b - 24 = 34*b, 5*m - b + 9 = 0. Let y(f) = f**3 - 3*f**2 - 4*f - 6. Give y(m).
-48
Suppose -11*t = -4*t - 7. Let s be ((-12)/(-18))/(t/(-3)). Let h(v) be the first derivative of v**3/3 - v**2 - v - 23. Determine h(s).
7
Let u(q) = -15734*q**2 + 5*q**3 - 4*q**3 + 15*q + 14 + 16 + 15718*q**2. Calculate u(15).
30
Let b(u) = 18*u + 252. Let d = -3132 + 3117. Calculate b(d).
-18
Suppose 10*k - 484 = -k. Suppose -k = 5*v + 6*v. Let d(x) = -x - 4. What is d(v)?
0
Let f(p) = 293*p - 296*p + 1 + 8*p**2 + 2 - 1 - 1. Let i = 225 - 224. Give f(i).
6
Let a(j) = 2*j**2 - 16*j + 41. Let u be (48/32)/((-90)/16 + 6). Calculate a(u).
9
Let d = 91 - 100. Let q = d + 12. Let f(h) = h + q*h - h - 4*h. What is f(6)?
-6
Let h(y) = 67*y + 9. Let r(p) = 12*p + 2. Let s(d) = h(d) - 4*r(d). Determine s(-1).
-18
Let b(v) = -9*v - 5. Let u(r) = 2*r + 1. Let c(h) = -b(h) - 5*u(h). Suppose -24 + 8 = -16*g. What is c(g)?
-1
Let u(y) = y**3 + 5*y**2 + y + 4. Let r(i) be the third derivative of i**5/60 + i**4/24 + i**3/3 + 7*i**2. Let d be r(-2). Let n = -1 - d. Give u(n).
-1
Let g(z) = z**2 - 22*z + 6. Let v be g(22). Let f(b) = -v - 8613*b**2 + 8614*b**2 + 13*b - 6*b. Suppose -4*o - 20 = 0, 4*o + 32 = -j - o. Calculate f(j).
-6
Let z(m) = m - 6. Let j = 31 + -44. Let f = -34 - j. Let w = f + 15. Calculate z(w).
-12
Suppose 11*z + 11 = 33. Let a(j) be the first derivative of -13*j**2/2 + j - 14. What is a(z)?
-25
Let x(r) = -2 + 1 + 3*r**3 + 8*r**3. Let j = -45 + 46. Suppose -7*t = -6*t - j. Give x(t).
10
Let m(b) = -b**2 - b. Let a(p) = -4*p**2 - 12*p + 2. Let x(y) = a(y) - 5*m(y). Let f(k) = -110*k - 7913. Let w be f(-72). Determine x(w).
2
Let j(o) = 4*o - 18. Let l be j(5). L